)/r. Calculate the greatest common divisor of 230 and a.
46
Let y(j) = 17*j - 82. Let p be y(4). Let h(c) = -12*c - 24. Let i be h(p). What is the highest common factor of 64 and i?
16
Let c be 2*3/(-12)*-42. What is the greatest common factor of c and 28?
7
Suppose 11*s - 84 = -10*s. Suppose 5*l + 1619 = s*m - 857, 0 = 3*m - 4*l - 1856. What is the greatest common divisor of 39 and m?
39
Let o be 84*(108/72)/(0 + 3). Let g = 61 - -44. What is the greatest common factor of o and g?
21
Let v be 34 - (14/(-3) + 5)*(-1 - -7). Calculate the greatest common factor of 36 and v.
4
Let k = 2 - -1. Suppose m + 3 = k*v, -5 = 4*v - 13. Suppose 400 = m*d + 2*d. What is the greatest common factor of d and 10?
10
Suppose -28*m + 242*m - 42157 = 36595. What is the greatest common divisor of m and 713?
23
Suppose 0 = 404*y - 386*y - 810. Calculate the greatest common divisor of y and 10905.
15
Let m(c) = 4*c**3 + 6*c**2 - 260*c + 427. Let d be m(0). Let i = -4 - -11. What is the highest common factor of d and i?
7
Suppose 7*z = 6*z - 3*v - 2, -4*z + 34 = 5*v. Let f(i) = 4 + 6*i - 3*i - 3. Let u be f(5). Calculate the greatest common divisor of z and u.
16
Suppose -d = -3*q + 356, -4*d - 580 = -5*q + d. Let j be 5*12*(-9)/(-9). What is the highest common divisor of q and j?
60
Let z = -8596 - -10933. Calculate the greatest common factor of z and 27.
3
Let o = -111 - 42. Let f = 225 + o. What is the highest common factor of 24 and f?
24
Suppose 4*w = 190 - 70. Let r be 9/(-36) - (1 + 2550/(-24)). What is the highest common divisor of w and r?
15
Let i = -15 - -21. Let y be 9016/(-490)*(-4)/(16/30). Calculate the greatest common factor of y and i.
6
Let q(d) = -2*d**2 + 15*d + 29. Suppose -5*g = 3*r - 63, -5*r = 3*g - 10 - 79. Let x be q(r). Let w = 76 - x. What is the highest common factor of 29 and w?
29
Suppose 0 = -2*q + 3*a + 8, -4*a - 12 = -3*q - 2*a. Suppose q*y - 68 = -4. What is the highest common divisor of y and 28?
4
Let t = 1492 - 1450. What is the highest common divisor of t and 1743?
21
Let x = -4149 - -4158. What is the highest common divisor of x and 177?
3
Suppose 254*g - 72702 = 73602. Calculate the highest common divisor of g and 1260.
36
Suppose -7*n = -2*n - 90. Suppose -5*q - 7 = -4*x - n, -3*x = -2*q + 3. Let f be -34*3/(-18) + 1/3. Calculate the greatest common factor of q and f.
3
Suppose -3*u = u - 44. Suppose 392 = u*p - 7*p. Let j = -275 + 289. Calculate the highest common divisor of j and p.
14
Suppose 5*x - 2*l - 74 = -4*l, 2*l = 5*x - 86. Let z = 43568 - 43548. What is the highest common divisor of z and x?
4
Suppose -17*r + 126 = r. Let p be (-21)/r + 1305/3. What is the highest common divisor of 24 and p?
24
Suppose -35*h = -32*h + 21, -841 = -10*q + 3*h. What is the greatest common factor of q and 12218?
82
Suppose -2*s - 4*n + 18 + 88 = 0, 5*s - 254 = n. Let y = -50 + s. Let k be y - (6 - -3)/(-1). What is the highest common divisor of 2 and k?
2
Suppose -3*s + 596 = -770*r + 774*r, 4*r = -4*s + 812. Let h = 3 + -7. Let n be -18*6/h*1. What is the highest common factor of n and s?
27
Suppose 0 = 5*d + 4*b - 27984, -902*d + 5*b = -898*d - 22461. Calculate the highest common divisor of d and 8.
4
Suppose -197*y + 36859 = -245836. Calculate the highest common divisor of y and 2255.
205
Suppose 5*r - 962 = 2*s - 304, 5*r - 5*s - 655 = 0. Let t = r + 33. Calculate the highest common factor of 110 and t.
55
Suppose 3*w + 12 = -0*w, 0 = f - 2*w - 72. Suppose 0 = 474*o - 471*o - 816. Calculate the highest common factor of f and o.
16
Suppose 5*s - 4*w - 5548 = 0, -8*w + 7*w + 3 = 0. What is the highest common divisor of 695 and s?
139
Let m be 72*((-195)/26)/(-15). Calculate the greatest common factor of m and 372.
12
Suppose -k = 1, 0 = -t - 2*k - 52 + 300. Suppose 5*o + 3653 = i, -4*i + 2185 = 62*o - 65*o. Let b = 741 + o. What is the highest common factor of t and b?
10
Suppose -14 = -4*f + 2*h, 0*f - 4*h + 2 = -2*f. Suppose v + f*u + 8 = -10, v - 22 = 3*u. What is the greatest common factor of v and 203?
7
Let k = 432 + -532. Let h = -55 - k. What is the greatest common factor of h and 18?
9
Let f be 2/(6/15 - 45/100). Let d = -38 - f. Let n(m) = 3*m**3 - 2*m**2 - 3*m + 3. Let j be n(d). What is the greatest common divisor of j and 143?
13
Suppose -36*t = -179*t + 92378. Calculate the greatest common factor of t and 204.
34
Let g = 4256 - -512. What is the highest common divisor of g and 32?
32
Let k(u) = -9*u - 4. Let f be k(-5). Let w be 180/27 + 2 + (-4)/(-3). Let j be (697/34)/((w/(-12))/(-5)). What is the greatest common factor of f and j?
41
Let y(n) = -n**3 + 8*n**2 + 12*n + 3. Let p be y(9). Let m = 10433 - 10429. Calculate the highest common divisor of p and m.
2
Let s be (-3)/27*-3 + (-2)/(-3). Suppose -2*w - 8 - 3 = -5*v, -29 = 4*w - 3*v. Let m be (w - -11)*(-1)/(-3). Calculate the highest common divisor of m and s.
1
Let h be 4 + 4 + 38/2. Suppose -3 = -b - h. Let m be (4 + 56)*(-2 + b/(-9)). What is the highest common factor of m and 8?
8
Suppose -4*i + 5*l + 20 = 0, 2*i - 3*l = 8 + 4. Suppose -19*a - 36 + 264 = i. What is the highest common divisor of a and 8?
4
Suppose -3*f = -5*a - 622 - 1041, f - a = 555. Calculate the greatest common factor of 8 and f.
4
Let m = -16 + 19. Suppose -162 = -m*x - 6*x. Let f(c) = c**2 + 14*c - 9. Let p be f(9). Calculate the greatest common divisor of p and x.
18
Let f be (-172986)/(-33) + 52/(-4). What is the greatest common divisor of f and 504?
63
Let q be ((-1080)/(-16))/(2 - (-129)/(-66)). Calculate the highest common divisor of 1080 and q.
135
Let h(z) = -13*z**3 - 5*z**2 + z - 1. Let w be h(-4). Suppose 139148*s - 139119*s = 2407. Calculate the highest common divisor of w and s.
83
Let t(b) = 3*b**2 - 11*b + 2. Suppose g - 4*u = -10, -7*g + 5*u + 15 = -3*g. Let d be t(g). Calculate the highest common divisor of d and 6.
6
Let n = -78 + 87. Let m = 126 - n. Calculate the highest common factor of m and 13.
13
Let w(u) = -u**3 - 22*u**2 - u - 20. Let d be w(-22). Let g be d/(-2*6/(-384)). What is the highest common divisor of 24 and g?
8
Let n(i) = -37*i - 1665. Let x be n(-47). What is the greatest common divisor of x and 12?
2
Let n be ((-3)/(-1) + 30/(-14))*14. Let p = 3141 - 3009. Calculate the highest common factor of p and n.
12
Let r(o) = -o - 6. Let x be r(-6). Suppose -13*k + 4*k + 63 = x. What is the greatest common divisor of 84 and k?
7
Let g be (-2)/3 + 88/33. Let f be 9/g*(688/24 + 8). Let m be -1*(-67 - 1/(-1)). What is the highest common factor of f and m?
33
Suppose 228*b = 231*b - 5*o - 59, -4*o + 76 = 2*b. What is the greatest common divisor of 518 and b?
14
Suppose 4*v = 4*z - 4, z = 5*v - 22 + 15. Calculate the highest common factor of 3219 and z.
3
Let t be 9*(4/(-6))/(30/135). Suppose 0 = 4*o - 64 - 100. Let s = o + t. Calculate the greatest common divisor of 35 and s.
7
Suppose -229*t = -212*t - 4403. Calculate the greatest common divisor of t and 14.
7
Suppose 4*t - 274 = 2*a, -t - 2*t = a - 203. Let d be (-34)/t - (-66)/4. Suppose d*l - 10 = 14*l. What is the greatest common factor of l and 10?
5
Let l = 273 - 274. Let v be l + 243 - (-34 + 40). What is the highest common factor of 177 and v?
59
Let z = 191 - 166. Suppose 13 = p + 4*t - 3, -2*p + 20 = 4*t. Let l(u) = 8*u - 7. Let a be l(p). What is the greatest common factor of z and a?
25
Let i be 5 + 23 - 2*2. Let y = -2233 - -2248. Calculate the greatest common divisor of y and i.
3
Let n(u) be the third derivative of 7*u**4/4 + 10*u**3/3 - 29*u**2. Let z be n(5). Let y = z - 161. What is the highest common divisor of 3 and y?
3
Let q(o) = o**3 + 90*o**2 - 275*o + 390. Let k be q(-93). Calculate the highest common factor of 62334 and k.
18
Let s be (-2228)/(-14) + ((-360)/42)/(-10). What is the highest common factor of s and 15?
5
Suppose -5*s + 4*v + 363 = 0, -s - 3*v + 0*v + 84 = 0. What is the greatest common factor of 2025 and s?
75
Let h be (10 - -9) + 486 - -3. Calculate the greatest common divisor of h and 13462.
254
Let r be (4/(-12) - 12/(-9))/(2/12). Calculate the greatest common divisor of r and 753.
3
Let m = 3688 + -3521. What is the highest common factor of m and 14863?
167
Let h = 167 + -165. Let f be 2 - ((-1 - 1) + -68) - h. What is the greatest common factor of f and 175?
35
Let